 Calculate the remainder when w is divided by 5.
4
Suppose -1 - 4 = -a. Suppose 0 = a*z - 3*f - 42, z - 2*f + 5*f + 6 = 0. Let h(b) = 2*b - 8. What is the remainder when 5 is divided by h(z)?
1
Let g = 18 + -12. Suppose -3*r - g + 39 = 0. Let w = 20 - r. What is the remainder when 33 is divided by w?
6
Let o = -6 - -33. Suppose -30*n + 15 = -27*n. Suppose 0*v + 35 = n*v. Calculate the remainder when o is divided by v.
6
Suppose 3*i - 157 = -13. Calculate the remainder when (17178/45)/2 + 14/105 is divided by i.
47
Suppose 0 = 31*k - 549 + 53. Suppose -4*h = -2*v - 4, 3*h = 2*h + v. Suppose -2*z = 2*i - 22, h*z - 10 + 0 = 0. Calculate the remainder when k is divided by i.
4
Let x(t) = -t**2 + 8*t + 2. Let p be x(8). Let j be 1 - 4 - -3*p. Suppose y = 4*z + 11, 0*y - j*z + 44 = 2*y. Calculate the remainder when y is divided by 11.
8
Let o = 14 - 16. Let g be (10/15)/(o/(-12)). Let r(b) = 6*b - 4. Calculate the remainder when 78 is divided by r(g).
18
Suppose -4*x = -12*x + 104. Calculate the remainder when 23 is divided by x.
10
Suppose 15*c - 105 = -0*c. What is the remainder when 56 is divided by c?
0
Let o = 11 - -63. Calculate the remainder when 1478 is divided by o.
72
Let z = -527 - -536. What is the remainder when 179 is divided by z?
8
Calculate the remainder when -47*((-4 - 6) + 2) - 3 is divided by 22.
21
Suppose 480 = 5*g + 5*b, -44*g = -46*g - 5*b + 192. Calculate the remainder when g is divided by 93.
3
Calculate the remainder when 267 + (-3 + 2)*-3 is divided by 39.
36
Let n be (-66)/(-8) + (-12)/48. Suppose n*f = 3*q + 5*f - 30, 3*f = -2*q. What is the remainder when 75 is divided by q?
3
Let b = -426 - -450. Calculate the remainder when b is divided by 11.
2
Let i(u) = -u**3 + 69. Let w be i(0). Suppose 3*j = 4*k - w, -5*j + 0 + 30 = 3*k. What is the remainder when 71 is divided by k?
11
Suppose -4*d + 245 = -0*v + 5*v, 2*v - 3*d = 121. Suppose 27*t - 26*t = 97. Let z = t - v. Calculate the remainder when z is divided by 15.
14
Let n be -2 - (1 + -1)/3. What is the remainder when 165 is divided by -4 + n*(-69)/(12/4)?
39
Let z = 78 - 32. Let t = z + -33. Let k(j) = -j**2 - 3*j + 5. Calculate the remainder when t is divided by k(0).
3
Suppose -t - 3*o - 1 + 9 = 0, -4*o + 12 = 2*t. Suppose 45 = t*j + j. What is the remainder when j is divided by 15/(-2)*12/(-10)?
6
Let w = 991 + -880. Calculate the remainder when w is divided by 52.
7
Suppose -3*c + 183 = 3*a, 2*c + 2*a = 3*c - 67. Calculate the remainder when c is divided by 19.
6
Let n be (-80 - -2)*(-8)/3. Let b = -91 + n. Suppose -17*u - 69 + 358 = 0. Calculate the remainder when b is divided by u.
15
Suppose 4*j - 3*v - 253 = 0, 2*j + 3*v + 0*v = 149. Calculate the remainder when j is divided by 19.
10
Let d = -4 - -6. Let j be d/12 + (-4072)/(-48). Suppose 94 = 4*b - 2*y, b - j = -3*b + 5*y. What is the remainder when b is divided by 9?
7
Let v(w) = -2*w**2 + 22*w - 18. What is the remainder when 4 is divided by v(10)?
0
Suppose -y - 2*a + 16 = -7*a, -4 = 2*a. Suppose y*x - 149 - 511 = 0. Calculate the remainder when x is divided by 37.
36
Let k(j) = -j**3 + 4*j**2 + 6*j - 3. Let w be k(5). Let g = w + -2. Let m(x) = x**3 - x**2 + x + 37. Calculate the remainder when m(g) is divided by 13.
11
Let z = -62 - -186. Calculate the remainder when z is divided by 6.
4
Let j(s) = 37*s + 1. What is the remainder when 114921/(-678)*((-8)/(-6) - 2) is divided by j(1)?
37
Suppose -224 = -5*h - 3*o, 5*h - 423*o - 206 = -420*o. What is the remainder when (-2)/3 - 1804/(-6) is divided by h?
42
Suppose 14*h = 9*h + 4*t - 15, -4*h = 3*t + 12. What is the remainder when 30/(-8)*80/(-6) is divided by h - (600/(-5))/6?
16
Suppose 3*p + 2*x - 6 = 6, 0 = 4*p - 4*x - 36. What is the remainder when (-3)/(-18)*p*81 is divided by 21?
18
Suppose 66 = b + b. Let n be 38 - (1/1 - 1). Suppose t - 4*a - 9 = 16, 0 = -2*t + 2*a + n. What is the remainder when b is divided by t?
16
Let h be (-3)/6 + (-3)/2. Let s be ((-6)/4)/(h/4). Suppose a + 18 = 5*l, 2*l + s*l - 46 = -3*a. Calculate the remainder when a is divided by 4.
3
Let u(s) = -s**3 + 6*s**2 - 2*s - 7. Let o be u(5). Let g(t) = 2*t**2 - 7*t + 12. Calculate the remainder when g(o) is divided by 44.
40
Suppose -992 = 16*a - 1472. What is the remainder when 267 is divided by a?
27
Let a(n) = 7*n**2. Suppose 2*i = 5*i. Let g = 10 + i. What is the remainder when g is divided by a(1)?
3
Let g(b) = b**2 - 2*b + 4. Calculate the remainder when (1113/(-42))/(4/(-16)) is divided by g(4).
10
Let y(o) = 50*o**2 - 5*o + 3. Let a be y(3). Suppose 0 = -3*z - 15, 3*z = 4*i - a - 193. What is the remainder when i is divided by 31?
30
Suppose -3*v - 4*l + 5*l - 10 = 0, 4*v - 3*l = -10. Let c be (-5)/20 - (-59)/v. Let j = c + 38. Calculate the remainder when 66 is divided by j.
20
Suppose -r = 12 - 14. Suppose -181 = -r*u - 97. Calculate the remainder when 167 is divided by u.
41
Suppose 2*j - 18 = 4*d, 9*j + 2*d + 24 = 11*j. Calculate the remainder when 4/10 + 236/10 is divided by j.
9
Suppose 0 = 3*x - 0*x. Suppose x = 3*a - 6*a + 48. Calculate the remainder when 63 is divided by a.
15
Let h(u) = u + 14. Let f be h(-13). Calculate the remainder when (0 - f)*27/(-1) is divided by 132/9 - (-2)/(-3).
13
Suppose 0 = -2*u - 2, 5*x - 191 = 25*u - 29*u. What is the remainder when 504 is divided by x?
36
Suppose 61*s - 1663 + 382 = 0. Suppose -2*h - 4*u + 458 = 0, -u + 40 = -2*h + 498. What is the remainder when h is divided by s?
19
Suppose 3*v + 2*j - 14 = 7*j, -5*v + 2*j = -36. Calculate the remainder when (4 - -18)*2/2 + 0 is divided by v.
6
Let b(w) = 5*w - 22. Let q be 1/(-3)*(120 - -3). Let d = q + 92. Calculate the remainder when d is divided by b(7).
12
Let r(t) = t**3 + 33*t**2 - 34*t + 70. Calculate the remainder when r(-34) is divided by 28.
14
Let b = -9 - 5. Let i = b - -33. Suppose 5*z - 2 = -2*v, 0 = 3*v - 3*z - 2*z - 53. Calculate the remainder when i is divided by v.
8
Let h be 1/2*(44 - 18). Suppose 0 = 22*q - h*q - 225. Calculate the remainder when 46 is divided by q.
21
Suppose 2*h - 15 = -3*h. Suppose -4*g + 47 = v, g + 64 = 6*g + h*v. What is the remainder when 17 is divided by g?
6
Calculate the remainder when 1605 is divided by 1 + 22 + -7 - (0 - -4).
9
Suppose -4*k + 4*z = -276, 4*k = -z - 3*z + 236. Suppose 0 = -k*w + 61*w + 51. Calculate the remainder when 45 is divided by w.
11
Let t = 1041 - 888. What is the remainder when t is divided by 39?
36
Suppose 3*o - 12 = -o. Calculate the remainder when 85 is divided by o - (-1 - 0) - -25.
27
Let r(m) = 4*m + 14. Let p be r(-11). Let o = p + 16. What is the remainder when ((-40)/o)/((-20)/(-70)) is divided by 4?
2
Suppose -107 = -4*o + 6*a - 31, 5*o - 45 = -5*a. Suppose 3*t = 7*t - 144. What is the remainder when t is divided by o?
10
Suppose -5*o + o - 8 = 0. Let m be (-2 - 0)*-2 + o. What is the remainder when 49 is divided by ((-1)/m)/(4/(-104))?
10
Let a(l) = -l**3 + 7*l**2 - 6*l + 4. Suppose -q - 4 = -2*q. What is the remainder when a(q) is divided by 5?
3
Suppose 215*s - 205*s = 40. Let j(v) = 1 + 3 + 5 - v. Calculate the remainder when 12 is divided by j(s).
2
Calculate the remainder when 355 is divided by 48/108 - (-970)/45.
3
Let s(j) = 2*j**2 + 8*j - 3. Let w be 119 + (-8)/12*3*-1. Suppose w - 369 = -4*y. What is the remainder when y is divided by s(-6)?
20
Let i(p) = -3*p + 18. Let l be i(5). Suppose l*n - 10 = 23. Calculate the remainder when 21 is divided by n.
10
Suppose -320 = -192*s + 184*s. Calculate the remainder when 437 is divided by s.
37
Suppose 2*q - 96 = -2*l, -5*q + 4*q + 32 = -3*l. What is the remainder when 144 is divided by q?
12
Let w = 5439 + -5400. Calculate the remainder when w is divided by (-2)/7 - 79/(-7).
6
Let g(h) = h**3 - 5*h**2 - h + 7. Suppose -3*f - 89 + 416 = 0. What is the remainder when f is divided by g(6)?
35
Suppose 2*x - 4 = -14. Let f(y) = y**3 + 9*y**2 - 5. Calculate the remainder when f(x) is divided by 24.
23
Let p = -4 - -7. Suppose 18 = -p*y - 0*y. Let c(b) = b**3 + 8*b**2 + b - 7. What is the remainder when c(y) is divided by 20?
19
Let k = 307 + 30. Calculate the remainder when k is divided by 85.
82
Let a be 4/6 - (-24)/(-9). Let q = 11 + -20. Let k = a - q. Calculate the remainder when k is divided by 2.
1
Suppose 7*w + 3*n - 183 = 5*w, 3 